{"id":4579,"date":"2023-10-24T12:09:28","date_gmt":"2023-10-24T10:09:28","guid":{"rendered":"https:\/\/www.futurefilmfestival.it\/?post_type=edizione-2023&#038;p=4579"},"modified":"2023-11-22T09:16:36","modified_gmt":"2023-11-22T08:16:36","slug":"tender-metalheads","status":"publish","type":"edizione-2023","link":"https:\/\/www.futurefilmfestival.it\/it\/edizione-2023\/tender-metalheads\/","title":{"rendered":"Tender Metalheads"},"content":{"rendered":"<p>Ore 14:00 | Cinema Astra &#8211; Sala Smeraldo | Modena<\/p>\n<p>Di <strong>Juanjo S\u00e1ez<\/strong>, <strong>Joan Tom\u00e0s<\/strong>, <strong>Carlos P\u00e9rez-Reche\u00a0<!--more--><\/p>\n<p><\/strong><\/p>\n<p><span class=\"TextRun SCXW71312487 BCX0\" lang=\"IT-IT\" xml:lang=\"IT-IT\" data-contrast=\"auto\"><span class=\"NormalTextRun SCXW71312487 BCX0\">Juanjo<\/span><span class=\"NormalTextRun SCXW71312487 BCX0\"> \u00e8 un ragazzo <\/span><span class=\"NormalTextRun SCXW71312487 BCX0\">che soffre d\u2019asma, talmente<\/span><span class=\"NormalTextRun SCXW71312487 BCX0\"> protetto<\/span><span class=\"NormalTextRun SCXW71312487 BCX0\"> e coccolato<\/span><span class=\"NormalTextRun SCXW71312487 BCX0\"> dalla famiglia <\/span><span class=\"NormalTextRun SCXW71312487 BCX0\">che si sente soffocare<\/span><span class=\"NormalTextRun SCXW71312487 BCX0\">. <\/span><span class=\"NormalTextRun SCXW71312487 BCX0\">La famiglia di <\/span><span class=\"NormalTextRun SCXW71312487 BCX0\">Miquel <\/span><span class=\"NormalTextRun SCXW71312487 BCX0\">\u00e8 un po\u2019 <\/span><\/span>sgangherata, un<span class=\"NormalTextRun SCXW71312487 BCX0\"> padre<\/span> <span class=\"NormalTextRun SCXW71312487 BCX0\">assente<\/span><span class=\"NormalTextRun SCXW71312487 BCX0\"> e s<\/span><span class=\"NormalTextRun SCXW71312487 BCX0\">ua madre cerca di cavarsela <\/span><span class=\"NormalTextRun SCXW71312487 BCX0\">in qualche modo<\/span><span class=\"NormalTextRun SCXW71312487 BCX0\">, ma non sempre ci riesce. &#8220;<\/span><span class=\"NormalTextRun SCXW71312487 BCX0\">Heavies<\/span> <span class=\"NormalTextRun SCXW71312487 BCX0\">Tendres<\/span><span class=\"NormalTextRun SCXW71312487 BCX0\">&#8221; racconta del<\/span><span class=\"NormalTextRun SCXW71312487 BCX0\"> rapporto<\/span><span class=\"NormalTextRun SCXW71312487 BCX0\"> tra <\/span><span class=\"NormalTextRun SCXW71312487 BCX0\">Juanjo<\/span><span class=\"NormalTextRun SCXW71312487 BCX0\"> e Miquel<\/span><span class=\"NormalTextRun SCXW71312487 BCX0\"> nella <\/span><span class=\"NormalTextRun SCXW71312487 BCX0\">Barcellona <\/span><span class=\"NormalTextRun SCXW71312487 BCX0\">d<\/span><span class=\"NormalTextRun SCXW71312487 BCX0\">el 1991, due ragazzi adolescenti<\/span> <span class=\"NormalTextRun SCXW71312487 BCX0\">che troveranno nella loro amicizia e nella musica <\/span><span class=\"TextRun SCXW71312487 BCX0\" lang=\"IT-IT\" xml:lang=\"IT-IT\" data-contrast=\"auto\"><span class=\"NormalTextRun SCXW71312487 BCX0\">heavy<\/span><\/span><span class=\"TextRun SCXW71312487 BCX0\" lang=\"IT-IT\" xml:lang=\"IT-IT\" data-contrast=\"auto\"><span class=\"NormalTextRun SCXW71312487 BCX0\"> un rifugio dal mondo grigio in cui vivono.<\/span><\/span><span class=\"EOP SCXW71312487 BCX0\" data-ccp-props=\"{&quot;201341983&quot;:0,&quot;335559739&quot;:160,&quot;335559740&quot;:259}\">\u00a0<\/span><\/p>\n","protected":false},"featured_media":4608,"menu_order":0,"template":"","format":"standard","meta":{"footnotes":""},"class_list":["post-4579","edizione-2023","type-edizione-2023","status-publish","format-standard","has-post-thumbnail","hentry"],"acf":[],"yoast_head":"<!-- This site is optimized with the Yoast SEO plugin v26.3 - https:\/\/yoast.com\/wordpress\/plugins\/seo\/ -->\n<title>Tender Metalheads - 24FRAME Future Film Fest<\/title>\n<meta name=\"robots\" content=\"index, follow, max-snippet:-1, max-image-preview:large, max-video-preview:-1\" \/>\n<link rel=\"canonical\" href=\"https:\/\/www.futurefilmfestival.it\/it\/edizione-2023\/tender-metalheads\/\" \/>\n<meta property=\"og:locale\" content=\"it_IT\" \/>\n<meta property=\"og:type\" content=\"article\" \/>\n<meta property=\"og:title\" content=\"Tender Metalheads - 24FRAME Future Film Fest\" \/>\n<meta property=\"og:description\" content=\"Ore 14:00 | Cinema Astra &#8211; Sala Smeraldo | Modena Di Juanjo S\u00e1ez, Joan Tom\u00e0s, Carlos P\u00e9rez-Reche\u00a0\" \/>\n<meta property=\"og:url\" content=\"https:\/\/www.futurefilmfestival.it\/it\/edizione-2023\/tender-metalheads\/\" \/>\n<meta property=\"og:site_name\" content=\"24FRAME Future Film Fest\" \/>\n<meta property=\"article:modified_time\" content=\"2023-11-22T08:16:36+00:00\" \/>\n<meta property=\"og:image\" content=\"https:\/\/www.futurefilmfestival.it\/wp-content\/uploads\/2023\/10\/tendermetalheads3-rotated.jpg\" \/>\n\t<meta property=\"og:image:width\" content=\"2480\" \/>\n\t<meta property=\"og:image:height\" content=\"1748\" \/>\n\t<meta property=\"og:image:type\" content=\"image\/jpeg\" \/>\n<meta name=\"twitter:card\" content=\"summary_large_image\" \/>\n<meta name=\"twitter:label1\" content=\"Tempo di lettura stimato\" \/>\n\t<meta name=\"twitter:data1\" content=\"1 minuto\" \/>\n<script type=\"application\/ld+json\" class=\"yoast-schema-graph\">{\"@context\":\"https:\/\/schema.org\",\"@graph\":[{\"@type\":\"WebPage\",\"@id\":\"https:\/\/www.futurefilmfestival.it\/it\/edizione-2023\/tender-metalheads\/\",\"url\":\"https:\/\/www.futurefilmfestival.it\/it\/edizione-2023\/tender-metalheads\/\",\"name\":\"Tender Metalheads - 24FRAME Future Film Fest\",\"isPartOf\":{\"@id\":\"https:\/\/www.futurefilmfestival.it\/it\/#website\"},\"primaryImageOfPage\":{\"@id\":\"https:\/\/www.futurefilmfestival.it\/it\/edizione-2023\/tender-metalheads\/#primaryimage\"},\"image\":{\"@id\":\"https:\/\/www.futurefilmfestival.it\/it\/edizione-2023\/tender-metalheads\/#primaryimage\"},\"thumbnailUrl\":\"https:\/\/www.futurefilmfestival.it\/wp-content\/uploads\/2023\/10\/tendermetalheads3-rotated.jpg\",\"datePublished\":\"2023-10-24T10:09:28+00:00\",\"dateModified\":\"2023-11-22T08:16:36+00:00\",\"breadcrumb\":{\"@id\":\"https:\/\/www.futurefilmfestival.it\/it\/edizione-2023\/tender-metalheads\/#breadcrumb\"},\"inLanguage\":\"it-IT\",\"potentialAction\":[{\"@type\":\"ReadAction\",\"target\":[\"https:\/\/www.futurefilmfestival.it\/it\/edizione-2023\/tender-metalheads\/\"]}]},{\"@type\":\"ImageObject\",\"inLanguage\":\"it-IT\",\"@id\":\"https:\/\/www.futurefilmfestival.it\/it\/edizione-2023\/tender-metalheads\/#primaryimage\",\"url\":\"https:\/\/www.futurefilmfestival.it\/wp-content\/uploads\/2023\/10\/tendermetalheads3-rotated.jpg\",\"contentUrl\":\"https:\/\/www.futurefilmfestival.it\/wp-content\/uploads\/2023\/10\/tendermetalheads3-rotated.jpg\",\"width\":2480,\"height\":1748},{\"@type\":\"BreadcrumbList\",\"@id\":\"https:\/\/www.futurefilmfestival.it\/it\/edizione-2023\/tender-metalheads\/#breadcrumb\",\"itemListElement\":[{\"@type\":\"ListItem\",\"position\":1,\"name\":\"Home\",\"item\":\"https:\/\/www.futurefilmfestival.it\/it\/home\/\"},{\"@type\":\"ListItem\",\"position\":2,\"name\":\"Edizione 2023\",\"item\":\"https:\/\/www.futurefilmfestival.it\/it\/edizione-2023\/\"},{\"@type\":\"ListItem\",\"position\":3,\"name\":\"Tender Metalheads\"}]},{\"@type\":\"WebSite\",\"@id\":\"https:\/\/www.futurefilmfestival.it\/it\/#website\",\"url\":\"https:\/\/www.futurefilmfestival.it\/it\/\",\"name\":\"24FRAME Future Film Fest\",\"description\":\"\",\"publisher\":{\"@id\":\"https:\/\/www.futurefilmfestival.it\/it\/#organization\"},\"potentialAction\":[{\"@type\":\"SearchAction\",\"target\":{\"@type\":\"EntryPoint\",\"urlTemplate\":\"https:\/\/www.futurefilmfestival.it\/it\/?s={search_term_string}\"},\"query-input\":{\"@type\":\"PropertyValueSpecification\",\"valueRequired\":true,\"valueName\":\"search_term_string\"}}],\"inLanguage\":\"it-IT\"},{\"@type\":\"Organization\",\"@id\":\"https:\/\/www.futurefilmfestival.it\/it\/#organization\",\"name\":\"24FRAME Future Film Fest\",\"url\":\"https:\/\/www.futurefilmfestival.it\/it\/\",\"logo\":{\"@type\":\"ImageObject\",\"inLanguage\":\"it-IT\",\"@id\":\"https:\/\/www.futurefilmfestival.it\/it\/#\/schema\/logo\/image\/\",\"url\":\"https:\/\/www.futurefilmfestival.it\/wp-content\/uploads\/2024\/05\/FFF2024-logo-positivo-RAPPR.jpg\",\"contentUrl\":\"https:\/\/www.futurefilmfestival.it\/wp-content\/uploads\/2024\/05\/FFF2024-logo-positivo-RAPPR.jpg\",\"width\":1200,\"height\":675,\"caption\":\"24FRAME Future Film Fest\"},\"image\":{\"@id\":\"https:\/\/www.futurefilmfestival.it\/it\/#\/schema\/logo\/image\/\"}}]}<\/script>\n<!-- \/ Yoast SEO plugin. -->","yoast_head_json":{"title":"Tender Metalheads - 24FRAME Future Film Fest","robots":{"index":"index","follow":"follow","max-snippet":"max-snippet:-1","max-image-preview":"max-image-preview:large","max-video-preview":"max-video-preview:-1"},"canonical":"https:\/\/www.futurefilmfestival.it\/it\/edizione-2023\/tender-metalheads\/","og_locale":"it_IT","og_type":"article","og_title":"Tender Metalheads - 24FRAME Future Film Fest","og_description":"Ore 14:00 | Cinema Astra &#8211; Sala Smeraldo | Modena Di Juanjo S\u00e1ez, Joan Tom\u00e0s, Carlos P\u00e9rez-Reche\u00a0","og_url":"https:\/\/www.futurefilmfestival.it\/it\/edizione-2023\/tender-metalheads\/","og_site_name":"24FRAME Future Film Fest","article_modified_time":"2023-11-22T08:16:36+00:00","og_image":[{"width":2480,"height":1748,"url":"https:\/\/www.futurefilmfestival.it\/wp-content\/uploads\/2023\/10\/tendermetalheads3-rotated.jpg","type":"image\/jpeg"}],"twitter_card":"summary_large_image","twitter_misc":{"Tempo di lettura stimato":"1 minuto"},"schema":{"@context":"https:\/\/schema.org","@graph":[{"@type":"WebPage","@id":"https:\/\/www.futurefilmfestival.it\/it\/edizione-2023\/tender-metalheads\/","url":"https:\/\/www.futurefilmfestival.it\/it\/edizione-2023\/tender-metalheads\/","name":"Tender Metalheads - 24FRAME Future Film Fest","isPartOf":{"@id":"https:\/\/www.futurefilmfestival.it\/it\/#website"},"primaryImageOfPage":{"@id":"https:\/\/www.futurefilmfestival.it\/it\/edizione-2023\/tender-metalheads\/#primaryimage"},"image":{"@id":"https:\/\/www.futurefilmfestival.it\/it\/edizione-2023\/tender-metalheads\/#primaryimage"},"thumbnailUrl":"https:\/\/www.futurefilmfestival.it\/wp-content\/uploads\/2023\/10\/tendermetalheads3-rotated.jpg","datePublished":"2023-10-24T10:09:28+00:00","dateModified":"2023-11-22T08:16:36+00:00","breadcrumb":{"@id":"https:\/\/www.futurefilmfestival.it\/it\/edizione-2023\/tender-metalheads\/#breadcrumb"},"inLanguage":"it-IT","potentialAction":[{"@type":"ReadAction","target":["https:\/\/www.futurefilmfestival.it\/it\/edizione-2023\/tender-metalheads\/"]}]},{"@type":"ImageObject","inLanguage":"it-IT","@id":"https:\/\/www.futurefilmfestival.it\/it\/edizione-2023\/tender-metalheads\/#primaryimage","url":"https:\/\/www.futurefilmfestival.it\/wp-content\/uploads\/2023\/10\/tendermetalheads3-rotated.jpg","contentUrl":"https:\/\/www.futurefilmfestival.it\/wp-content\/uploads\/2023\/10\/tendermetalheads3-rotated.jpg","width":2480,"height":1748},{"@type":"BreadcrumbList","@id":"https:\/\/www.futurefilmfestival.it\/it\/edizione-2023\/tender-metalheads\/#breadcrumb","itemListElement":[{"@type":"ListItem","position":1,"name":"Home","item":"https:\/\/www.futurefilmfestival.it\/it\/home\/"},{"@type":"ListItem","position":2,"name":"Edizione 2023","item":"https:\/\/www.futurefilmfestival.it\/it\/edizione-2023\/"},{"@type":"ListItem","position":3,"name":"Tender Metalheads"}]},{"@type":"WebSite","@id":"https:\/\/www.futurefilmfestival.it\/it\/#website","url":"https:\/\/www.futurefilmfestival.it\/it\/","name":"24FRAME Future Film Fest","description":"","publisher":{"@id":"https:\/\/www.futurefilmfestival.it\/it\/#organization"},"potentialAction":[{"@type":"SearchAction","target":{"@type":"EntryPoint","urlTemplate":"https:\/\/www.futurefilmfestival.it\/it\/?s={search_term_string}"},"query-input":{"@type":"PropertyValueSpecification","valueRequired":true,"valueName":"search_term_string"}}],"inLanguage":"it-IT"},{"@type":"Organization","@id":"https:\/\/www.futurefilmfestival.it\/it\/#organization","name":"24FRAME Future Film Fest","url":"https:\/\/www.futurefilmfestival.it\/it\/","logo":{"@type":"ImageObject","inLanguage":"it-IT","@id":"https:\/\/www.futurefilmfestival.it\/it\/#\/schema\/logo\/image\/","url":"https:\/\/www.futurefilmfestival.it\/wp-content\/uploads\/2024\/05\/FFF2024-logo-positivo-RAPPR.jpg","contentUrl":"https:\/\/www.futurefilmfestival.it\/wp-content\/uploads\/2024\/05\/FFF2024-logo-positivo-RAPPR.jpg","width":1200,"height":675,"caption":"24FRAME Future Film Fest"},"image":{"@id":"https:\/\/www.futurefilmfestival.it\/it\/#\/schema\/logo\/image\/"}}]}},"_links":{"self":[{"href":"https:\/\/www.futurefilmfestival.it\/it\/wp-json\/wp\/v2\/edizione-2023\/4579","targetHints":{"allow":["GET"]}}],"collection":[{"href":"https:\/\/www.futurefilmfestival.it\/it\/wp-json\/wp\/v2\/edizione-2023"}],"about":[{"href":"https:\/\/www.futurefilmfestival.it\/it\/wp-json\/wp\/v2\/types\/edizione-2023"}],"version-history":[{"count":5,"href":"https:\/\/www.futurefilmfestival.it\/it\/wp-json\/wp\/v2\/edizione-2023\/4579\/revisions"}],"predecessor-version":[{"id":5414,"href":"https:\/\/www.futurefilmfestival.it\/it\/wp-json\/wp\/v2\/edizione-2023\/4579\/revisions\/5414"}],"wp:featuredmedia":[{"embeddable":true,"href":"https:\/\/www.futurefilmfestival.it\/it\/wp-json\/wp\/v2\/media\/4608"}],"wp:attachment":[{"href":"https:\/\/www.futurefilmfestival.it\/it\/wp-json\/wp\/v2\/media?parent=4579"}],"curies":[{"name":"wp","href":"https:\/\/api.w.org\/{rel}","templated":true}]}}

<p>Ore 14:00 | Cinema Astra &#8211; Sala Smeraldo | Modena</p>
<p>Di <strong>Juanjo Sáez</strong>, <strong>Joan Tomàs</strong>, <strong>Carlos Pérez-Reche <!--more--></p>
<p></strong></p>
<p><span class="TextRun SCXW71312487 BCX0" lang="IT-IT" xml:lang="IT-IT" data-contrast="auto"><span class="NormalTextRun SCXW71312487 BCX0">Juanjo</span><span class="NormalTextRun SCXW71312487 BCX0"> è un ragazzo </span><span class="NormalTextRun SCXW71312487 BCX0">che soffre d’asma, talmente</span><span class="NormalTextRun SCXW71312487 BCX0"> protetto</span><span class="NormalTextRun SCXW71312487 BCX0"> e coccolato</span><span class="NormalTextRun SCXW71312487 BCX0"> dalla famiglia </span><span class="NormalTextRun SCXW71312487 BCX0">che si sente soffocare</span><span class="NormalTextRun SCXW71312487 BCX0">. </span><span class="NormalTextRun SCXW71312487 BCX0">La famiglia di </span><span class="NormalTextRun SCXW71312487 BCX0">Miquel </span><span class="NormalTextRun SCXW71312487 BCX0">è un po’ </span></span>sgangherata, un<span class="NormalTextRun SCXW71312487 BCX0"> padre</span> <span class="NormalTextRun SCXW71312487 BCX0">assente</span><span class="NormalTextRun SCXW71312487 BCX0"> e s</span><span class="NormalTextRun SCXW71312487 BCX0">ua madre cerca di cavarsela </span><span class="NormalTextRun SCXW71312487 BCX0">in qualche modo</span><span class="NormalTextRun SCXW71312487 BCX0">, ma non sempre ci riesce. &#8220;</span><span class="NormalTextRun SCXW71312487 BCX0">Heavies</span> <span class="NormalTextRun SCXW71312487 BCX0">Tendres</span><span class="NormalTextRun SCXW71312487 BCX0">&#8221; racconta del</span><span class="NormalTextRun SCXW71312487 BCX0"> rapporto</span><span class="NormalTextRun SCXW71312487 BCX0"> tra </span><span class="NormalTextRun SCXW71312487 BCX0">Juanjo</span><span class="NormalTextRun SCXW71312487 BCX0"> e Miquel</span><span class="NormalTextRun SCXW71312487 BCX0"> nella </span><span class="NormalTextRun SCXW71312487 BCX0">Barcellona </span><span class="NormalTextRun SCXW71312487 BCX0">d</span><span class="NormalTextRun SCXW71312487 BCX0">el 1991, due ragazzi adolescenti</span> <span class="NormalTextRun SCXW71312487 BCX0">che troveranno nella loro amicizia e nella musica </span><span class="TextRun SCXW71312487 BCX0" lang="IT-IT" xml:lang="IT-IT" data-contrast="auto"><span class="NormalTextRun SCXW71312487 BCX0">heavy</span></span><span class="TextRun SCXW71312487 BCX0" lang="IT-IT" xml:lang="IT-IT" data-contrast="auto"><span class="NormalTextRun SCXW71312487 BCX0"> un rifugio dal mondo grigio in cui vivono.</span></span><span class="EOP SCXW71312487 BCX0" data-ccp-props="{&quot;201341983&quot;:0,&quot;335559739&quot;:160,&quot;335559740&quot;:259}"> </span></p>

<!-- This site is optimized with the Yoast SEO plugin v26.3 - https://yoast.com/wordpress/plugins/seo/ -->
<title>Tender Metalheads - 24FRAME Future Film Fest</title>
<meta name="robots" content="index, follow, max-snippet:-1, max-image-preview:large, max-video-preview:-1" />
<link rel="canonical" href="https://www.futurefilmfestival.it/it/edizione-2023/tender-metalheads/" />
<meta property="og:locale" content="it_IT" />
<meta property="og:type" content="article" />
<meta property="og:title" content="Tender Metalheads - 24FRAME Future Film Fest" />
<meta property="og:description" content="Ore 14:00 | Cinema Astra &#8211; Sala Smeraldo | Modena Di Juanjo Sáez, Joan Tomàs, Carlos Pérez-Reche " />
<meta property="og:url" content="https://www.futurefilmfestival.it/it/edizione-2023/tender-metalheads/" />
<meta property="og:site_name" content="24FRAME Future Film Fest" />
<meta property="article:modified_time" content="2023-11-22T08:16:36+00:00" />
<meta property="og:image" content="https://www.futurefilmfestival.it/wp-content/uploads/2023/10/tendermetalheads3-rotated.jpg" />
	<meta property="og:image:width" content="2480" />
	<meta property="og:image:height" content="1748" />
	<meta property="og:image:type" content="image/jpeg" />
<meta name="twitter:card" content="summary_large_image" />
<meta name="twitter:label1" content="Tempo di lettura stimato" />
	<meta name="twitter:data1" content="1 minuto" />
<script type="application/ld+json" class="yoast-schema-graph">{"@context":"https://schema.org","@graph":[{"@type":"WebPage","@id":"https://www.futurefilmfestival.it/it/edizione-2023/tender-metalheads/","url":"https://www.futurefilmfestival.it/it/edizione-2023/tender-metalheads/","name":"Tender Metalheads - 24FRAME Future Film Fest","isPartOf":{"@id":"https://www.futurefilmfestival.it/it/#website"},"primaryImageOfPage":{"@id":"https://www.futurefilmfestival.it/it/edizione-2023/tender-metalheads/#primaryimage"},"image":{"@id":"https://www.futurefilmfestival.it/it/edizione-2023/tender-metalheads/#primaryimage"},"thumbnailUrl":"https://www.futurefilmfestival.it/wp-content/uploads/2023/10/tendermetalheads3-rotated.jpg","datePublished":"2023-10-24T10:09:28+00:00","dateModified":"2023-11-22T08:16:36+00:00","breadcrumb":{"@id":"https://www.futurefilmfestival.it/it/edizione-2023/tender-metalheads/#breadcrumb"},"inLanguage":"it-IT","potentialAction":[{"@type":"ReadAction","target":["https://www.futurefilmfestival.it/it/edizione-2023/tender-metalheads/"]}]},{"@type":"ImageObject","inLanguage":"it-IT","@id":"https://www.futurefilmfestival.it/it/edizione-2023/tender-metalheads/#primaryimage","url":"https://www.futurefilmfestival.it/wp-content/uploads/2023/10/tendermetalheads3-rotated.jpg","contentUrl":"https://www.futurefilmfestival.it/wp-content/uploads/2023/10/tendermetalheads3-rotated.jpg","width":2480,"height":1748},{"@type":"BreadcrumbList","@id":"https://www.futurefilmfestival.it/it/edizione-2023/tender-metalheads/#breadcrumb","itemListElement":[{"@type":"ListItem","position":1,"name":"Home","item":"https://www.futurefilmfestival.it/it/home/"},{"@type":"ListItem","position":2,"name":"Edizione 2023","item":"https://www.futurefilmfestival.it/it/edizione-2023/"},{"@type":"ListItem","position":3,"name":"Tender Metalheads"}]},{"@type":"WebSite","@id":"https://www.futurefilmfestival.it/it/#website","url":"https://www.futurefilmfestival.it/it/","name":"24FRAME Future Film Fest","description":"","publisher":{"@id":"https://www.futurefilmfestival.it/it/#organization"},"potentialAction":[{"@type":"SearchAction","target":{"@type":"EntryPoint","urlTemplate":"https://www.futurefilmfestival.it/it/?s={search_term_string}"},"query-input":{"@type":"PropertyValueSpecification","valueRequired":true,"valueName":"search_term_string"}}],"inLanguage":"it-IT"},{"@type":"Organization","@id":"https://www.futurefilmfestival.it/it/#organization","name":"24FRAME Future Film Fest","url":"https://www.futurefilmfestival.it/it/","logo":{"@type":"ImageObject","inLanguage":"it-IT","@id":"https://www.futurefilmfestival.it/it/#/schema/logo/image/","url":"https://www.futurefilmfestival.it/wp-content/uploads/2024/05/FFF2024-logo-positivo-RAPPR.jpg","contentUrl":"https://www.futurefilmfestival.it/wp-content/uploads/2024/05/FFF2024-logo-positivo-RAPPR.jpg","width":1200,"height":675,"caption":"24FRAME Future Film Fest"},"image":{"@id":"https://www.futurefilmfestival.it/it/#/schema/logo/image/"}}]}</script>
<!-- / Yoast SEO plugin. -->

Ore 14:00 | Cinema Astra &#8211; Sala Smeraldo | Modena Di Juanjo Sáez, Joan Tomàs, Carlos Pérez-Reche
